tive of j**5/12 + j**4/24 + j**3/6 + j**2. Determine s(g).
5
Suppose -5*y = 25 + 40. Let i be (8 + y)*(-8)/(-5). Let u(f) = -f**2 - 9*f - 2. Calculate u(i).
6
Let j(u) = -2*u. Let d(p) be the third derivative of p**6/60 + p**5/60 - p**2. Let r be d(-1). Give j(r).
2
Let q be (-8)/3 + 2/(-6). Let j(m) = 2*m + 3. Give j(q).
-3
Let h(y) = -2*y + 1. Let r = 59 - 35. Suppose 3*u = -u - r. Let f be (-10)/7 + u/(-14). Determine h(f).
3
Let q(b) = 5*b + 59. Let o be q(-11). Let a(v) = 2*v - 1 - v**2 - 6*v + v**3 - 2*v**2. Determine a(o).
-1
Let h(m) = -m**2 + 12*m - 8. Suppose d = -2*d + 33. Let y be h(d). Let z(f) = f**2 - 4. Calculate z(y).
5
Let t(r) = -r**3 - 4*r**2 + 5*r - 7. Suppose 6*n = n + 25. Suppose 5*d - 44 + 4 = 4*s, 0 = n*d + 20. Let p = 10 + s. Calculate t(p).
-7
Suppose -c - 8 = -5*c. Suppose -5*g + g - c = -5*b, 0 = b + 5*g - 12. Let u(f) be the third derivative of f**6/120 - f**4/24 + f**3/6 - f**2. Determine u(b).
7
Let n = -7 + 9. Let o(j) = 4*j**3 + 4*j**2 + j - 1. Let u(c) = -4 + 5*c**3 + 4*c**2 + 2 + 0*c**3 - 2*c**3. Let g(t) = n*o(t) - 3*u(t). Give g(-4).
-4
Let w be (-5 - -5)/(4/(-2)). Let n(z) = -z**2 - z + 6. Determine n(w).
6
Let i(f) = 3*f**2 - 2*f**2 - 7 + 2*f + f. Let o be i(-5). Let z(r) = -r + 4*r - 326 - r**2 + 322. Give z(o).
-4
Let m(v) = -v**2 + 5*v + 4. Let p = -13 - -1. Let z = -7 - p. Let d = 11 - z. What is m(d)?
-2
Let j(u) = u**2 + 3*u - 4. Let h be 0 - (9 + (-6)/2). Let z(v) = v + 3. Let s be z(h). Calculate j(s).
-4
Let u(b) be the first derivative of -b**3/3 + 2*b**2 + 7*b - 7. Determine u(6).
-5
Suppose 2*g - 5*g = -4*h + 23, 4*g + 2*h = 6. Let q(j) = j**2 + 5*j**2 - j**2 + j. What is q(g)?
4
Let j(l) be the second derivative of l**6/120 + l**5/20 + l**4/12 - 2*l**3/3 - 2*l**2 - 4*l. Let q(r) be the first derivative of j(r). Determine q(-3).
-10
Suppose -u - 3*v - 10 = -3*u, 2*v = -u + 12. Let s(j) = j**2 - 7*j - 7. Calculate s(u).
1
Let t(u) = -u**3 - 5*u**2 + 3*u + 4. Let h be ((-3)/2)/((-4)/40). Suppose h = -2*n + 5. Determine t(n).
-11
Let k(l) be the third derivative of 11*l**9/60480 + l**8/20160 - l**6/720 + l**5/60 + 4*l**2. Let d(w) be the third derivative of k(w). Give d(-1).
-11
Suppose -4*y - 22 = -2*y. Let d = -6 - y. Suppose 0 = -d*s - 14 - 6. Let i(l) = 4*l + 6. What is i(s)?
-10
Let j(x) = -x**3 - x**2 + x - 1. Let q(o) = o**2 - 10*o - 1. Let s be q(10). Let l be (-2)/6*(s + 7). Calculate j(l).
1
Suppose 0 = -3*y - 0*y. Suppose y*l - l = -3. Suppose 8*g - l*g + 25 = 0. Let z(p) = p + 7. Give z(g).
2
Let j be 2*2/(-4) + 3. Let u = j - 4. Let b(o) = -o. Calculate b(u).
2
Let h(c) = 5 + 3 - 2 + c + 1. What is h(-5)?
2
Let p = -3 - -4. Let q be 7/((-7)/2) + p. Let c(f) = 11*f - 1. What is c(q)?
-12
Let q(o) = -o - 10. Suppose g - 3*k = 7, -5*k - 5 + 0 = -3*g. What is q(g)?
-5
Let s(f) = f - 1. Suppose 11 = d + 9. Let x(g) = g**2 + 2*g - 1. Let l be x(d). What is s(l)?
6
Let q(x) be the third derivative of x**8/6720 - x**7/2520 + x**6/720 - x**5/120 - 5*x**4/24 - x**2. Let a(f) be the second derivative of q(f). Calculate a(2).
5
Let d(o) be the first derivative of -o**2/2 - 1. Let q be 4*-2*(5 + (-27)/6). Determine d(q).
4
Let q(u) = 7*u**3 - 1. Let n be (-70)/(-21) + (-2)/(-3). Suppose 2*d + 0 = -4*x - n, 5*x - d = 9. Give q(x).
6
Let r(v) = v + 4 - 2 + 0 - 5. Calculate r(6).
3
Suppose 0 = 6*l - 20 + 8. Let b(c) = -c**3 + 2*c**2 - 2*c. What is b(l)?
-4
Suppose 0*f + 35 = 5*f - 5*i, -4*f = i - 8. Let j(u) = -u**3 + 4*u**2 - 2*u + 4. Calculate j(f).
7
Let a(l) = 4*l. Suppose -3*d = -4*r + 153, -2*r = 2*d - 0*d + 116. Let j be 22/d - 14/(-10). Calculate a(j).
4
Let h(y) = 2*y**3 - 3 + 4*y**3 + 2. Suppose -5*b = 5*v - 10, -6 = -v - 1. Let f be -8*b/6 + -3. Give h(f).
5
Let v = -24 - -24. Let f(k) be the third derivative of v*k + 0*k**3 + 0 - k**2 + 5/24*k**4. Determine f(1).
5
Let j = -1 - -5. Suppose 4*q = 3*w + 9, -15 = 2*w + 3*w. Let x(a) = q*a**3 + a**3 - 4*a**2 + 0*a - a. Determine x(j).
-4
Let g(x) = -x + 6. Let c be g(10). Let t = c + 3. Let r(y) be the third derivative of -7*y**6/120 - y**5/30 - y**4/12 - y**3/6 - y**2. Determine r(t).
6
Let x(r) = 1 - 2*r + 4*r - r. Suppose 65*t = 62*t - 6. Determine x(t).
-1
Let t(h) = -4*h**3 - 2*h**2 + 2*h + 3. Let d = 68 - 70. What is t(d)?
23
Suppose -15 = 5*j - w, 0*j - 6 = 2*j + 4*w. Let g(h) = 2*h**3 + 5*h**2 + 3*h + 4. What is g(j)?
-14
Let z(x) be the first derivative of -x**3/6 + x**2 + 6*x - 5. Let s(c) be the first derivative of z(c). What is s(0)?
2
Let o(s) = 11*s + 2. Let u(q) = 5*q + 1. Let j(v) = -3*o(v) + 5*u(v). Let c be (-3 + (4 - 3))*1/(-2). What is j(c)?
-9
Let k(b) = 6 - 3*b + 6 - 2. Calculate k(7).
-11
Suppose -4*c + 4*q = -8, -3*c = 2*c + 3*q + 6. Let g(i) = c*i - 5 + 5*i**2 + i**3 + 0*i + 4*i. Give g(-4).
-5
Let d(t) = -8*t**2 + 7*t - 18. Let r(m) = 3*m**2 - 2*m + 6. Let a(h) = -4*d(h) - 11*r(h). What is a(-6)?
6
Suppose -10 - 2 = -3*h. Let j = 1 + 1. Let x(a) = -a**j + h*a**2 - 4*a**2 + 3*a + 1. Calculate x(-2).
-9
Let b(g) be the second derivative of 0 + 3*g - 1/3*g**3 + 3/2*g**2. Give b(3).
-3
Let x(z) = -3*z**2 + 2*z**3 + 5*z + 8*z**2 - z**3 - 4 + 2. Determine x(-4).
-6
Let l(o) = -o**3 - o**2 - o + 2. Suppose 0 = -23*a + 22*a. Calculate l(a).
2
Let j(w) = 8*w**3 - 7*w**3 + 6*w**2 + 13 + 4*w**2 + 11*w. What is j(-9)?
-5
Let k(d) = -d**3 - 5*d**2 - d - 1. Suppose -10*t + 8*t = 10. Determine k(t).
4
Let g(d) = -d**3 - 5*d**2 + 4. Let t be g(-5). Suppose 3*b = -t + 7. Let j(h) = b - 4*h + 0*h + 1. What is j(-2)?
10
Suppose -f = -2*z - 2, -3*z + 13 - 5 = 4*f. Let n be (0 - 5) + (1 - f). Let x(b) = b**3 + 6*b**2 - b - 2. Determine x(n).
4
Let g(z) = -z + 6. Let w = -7 - -5. Let c = -7 + -3. Let p be (5/w)/(5/c). Give g(p).
1
Let d(i) = -i**3 + 5*i**2 - 4*i + 5. Let w be d(4). Let b(g) = -g + 7. Determine b(w).
2
Suppose -f + 19 = 3*p + 5, -f + 3*p - 4 = 0. Suppose 0 = o - 3*t, -2*o - 2*t + 4*t + 4 = 0. Let b(i) = 0*i**3 - 6*i**2 - 1 + 0*i**3 + i**o + 7 + 3*i. Give b(f).
-4
Let x(s) = s**2 + 84 - 36 + 5*s - 43. Let n(r) = r**3 - 4*r**2 + 2*r - 1. Let t be n(3). Calculate x(t).
1
Let r(f) = -6*f + 3. Let p(c) = c - 1. Let k(y) = -5*p(y) - r(y). Determine k(-5).
-3
Suppose 0*k - 3 = -k. Let r(p) = -2*p**k - 2*p**2 - 11*p - 1 + 11*p. Calculate r(-2).
7
Let j(a) = 2*a - 8. Let l(f) = -5*f + 17. Let p(n) = 7*j(n) + 3*l(n). Let k be p(-7). Suppose 29 = -k*w + 5*g, -3*g - 5 = 2*w - 16. Let x(o) = o. Give x(w).
-2
Let f(l) = -2 - 6 + l + 7. Give f(0).
-1
Let k(r) = -3*r. Let c be -1 - -2*2*4/8. What is k(c)?
-3
Let a(b) = -b**3 - 10*b**2 - b - 9. Let f be a(-10). Let j(s) = -s**2 - s + 4. Let p be j(0). Let m(v) = 4*v - p + 7*v**3 - 3*v - 4 + 7. Calculate m(f).
7
Let p = 1 - -10. Suppose -4 + 12 = 4*t. Suppose -t*j - 3 = -p. Let b(f) = -f**3 + 4*f**2 - f + 1. Give b(j).
-3
Let l(a) be the second derivative of -a**3/3 - a**2 + 5*a. Suppose -5*w - 1 = 3*j, 10 = -4*w + 4*j - 10. What is l(w)?
2
Let x = -4 - -6. Let d(m) be the first derivative of m**4/4 - 4*m**3/3 + 2*m**2 - 2*m - 34. Determine d(x).
-2
Let r(z) = -z**3 + 3*z**2 + 4*z + 2. Let j = -21 + 25. Determine r(j).
2
Suppose -3*v + 1 = 10. Let m(a) = -a**3 - 2*a**2 - a - 1. Determine m(v).
11
Let d(v) = v + 10. Let l be d(-9). Let w be 1/(0 + 2/4). Let a(s) = s - w*s**3 - 2*s**2 + 0*s + 3*s**3. What is a(l)?
0
Let o = -17/3 + 343/60. Let n(t) be the second derivative of 0*t**4 + o*t**5 + 0 + 0*t**3 - t + 0*t**2. Give n(1).
1
Let c(s) be the third derivative of s**5/20 + s**4/8 - 4*s**2. Determine c(-2).
6
Let j(q) be the first derivative of 1/2*q**2 + 1/4*q**4 + 4 - q - 4/3*q**3. Suppose -3*u + 6 = -u. Calculate j(u).
-7
Suppose 2*m - 2*f + 10 = 0, 0*f = -3*m + 2*f - 11. Let o(d) be the third derivative of d**5/15 - d**2. Determine o(m).
4
Let h(p) = -10*p**3 + 14*p**2 - 18*p - 28. Let s(j) = 3*j**3 - 5*j**2 + 6*j + 9. Let i(t) = -2*h(t) - 7*s(t). Give i(6).
-7
Let r(v) = v - 8. Let s(n) = 8*n + 10. Let o(k) = 3*k + 3. Let c(f) = -11*o(f) + 4*s(f). Let u = -20 + 24. Let j(i) = u*c(i) + 3*r(i). Calculate j(5).
-1
Let g(i) = -i**3 + i + 11. Let b(t) = -3*t + 12. Let r be b(4). What is g(r)?
11
Suppose -g - 16 = 2*n, -13*n + 3*g = -15*n - 24. Let q(f) = f + 5 + 1 - 2. Calculate q(n).
-2
Let k(n) = 6*n + 11. Let v(s) = 5*s + 10. Let q(i) = -4*k(i) + 5*v(i). Determine q(0).
6
Let v(h)